{"id":24,"date":"2022-05-27T14:51:24","date_gmt":"2022-05-27T12:51:24","guid":{"rendered":"http:\/\/cgtspectaclebretagne.fr\/?page_id=24"},"modified":"2022-11-11T19:22:30","modified_gmt":"2022-11-11T18:22:30","slug":"sfa","status":"publish","type":"page","link":"https:\/\/cgtspectaclebretagne.fr\/?page_id=24","title":{"rendered":"SFA"},"content":{"rendered":"\n<div class=\"wp-block-group is-layout-flow wp-block-group-is-layout-flow\">\n<div class=\"wp-block-media-text alignwide is-stacked-on-mobile\" style=\"grid-template-columns:29% auto\"><figure class=\"wp-block-media-text__media\"><img loading=\"lazy\" decoding=\"async\" width=\"285\" height=\"110\" src=\"http:\/\/cgtspectaclebretagne.fr\/wp-content\/uploads\/2022\/05\/logo_sfa.png\" alt=\"\" class=\"wp-image-47 size-full\"\/><\/figure><div class=\"wp-block-media-text__content\">\n<p class=\"has-small-font-size\">Le <a rel=\"noreferrer noopener\" href=\"https:\/\/sfa-cgt.fr\" target=\"_blank\">Syndicat Fran\u00e7ais des Artistes-interpr\u00e8tes<\/a> est le syndicat professionnel des artistes dramatiques, chor\u00e9graphiques, lyriques, de vari\u00e9t\u00e9, de cirque, des marionnettistes et des artistes traditionnels.<\/p>\n<\/div><\/div>\n<\/div>\n\n\n\n<h2 class=\"wp-block-heading\">Se syndiquer :<\/h2>\n\n\n\n<p>L&rsquo;adh\u00e9sion au SFA se fait sur <a href=\"https:\/\/sfa-cgt.fr\/adherer-13\" data-type=\"URL\" data-id=\"https:\/\/sfa-cgt.fr\/adherer-13\">cette page<\/a>.<\/p>\n","protected":false},"excerpt":{"rendered":"<p>Le Syndicat Fran\u00e7ais des Artistes-interpr\u00e8tes est le syndicat professionnel des artistes dramatiques, chor\u00e9graphiques, lyriques, de vari\u00e9t\u00e9, de cirque, des marionnettistes et des artistes traditionnels. Se [&#8230;]<\/p>\n","protected":false},"author":1,"featured_media":0,"parent":22,"menu_order":2,"comment_status":"closed","ping_status":"closed","template":"","meta":{"footnotes":""},"class_list":["post-24","page","type-page","status-publish","hentry"],"_links":{"self":[{"href":"https:\/\/cgtspectaclebretagne.fr\/index.php?rest_route=\/wp\/v2\/pages\/24","targetHints":{"allow":["GET"]}}],"collection":[{"href":"https:\/\/cgtspectaclebretagne.fr\/index.php?rest_route=\/wp\/v2\/pages"}],"about":[{"href":"https:\/\/cgtspectaclebretagne.fr\/index.php?rest_route=\/wp\/v2\/types\/page"}],"author":[{"embeddable":true,"href":"https:\/\/cgtspectaclebretagne.fr\/index.php?rest_route=\/wp\/v2\/users\/1"}],"replies":[{"embeddable":true,"href":"https:\/\/cgtspectaclebretagne.fr\/index.php?rest_route=%2Fwp%2Fv2%2Fcomments&post=24"}],"version-history":[{"count":5,"href":"https:\/\/cgtspectaclebretagne.fr\/index.php?rest_route=\/wp\/v2\/pages\/24\/revisions"}],"predecessor-version":[{"id":119,"href":"https:\/\/cgtspectaclebretagne.fr\/index.php?rest_route=\/wp\/v2\/pages\/24\/revisions\/119"}],"up":[{"embeddable":true,"href":"https:\/\/cgtspectaclebretagne.fr\/index.php?rest_route=\/wp\/v2\/pages\/22"}],"wp:attachment":[{"href":"https:\/\/cgtspectaclebretagne.fr\/index.php?rest_route=%2Fwp%2Fv2%2Fmedia&parent=24"}],"curies":[{"name":"wp","href":"https:\/\/api.w.org\/{rel}","templated":true}]}}

<div class="wp-block-group is-layout-flow wp-block-group-is-layout-flow">
<div class="wp-block-media-text alignwide is-stacked-on-mobile" style="grid-template-columns:29% auto"><figure class="wp-block-media-text__media"><img loading="lazy" decoding="async" width="285" height="110" src="http://cgtspectaclebretagne.fr/wp-content/uploads/2022/05/logo_sfa.png" alt="" class="wp-image-47 size-full"/></figure><div class="wp-block-media-text__content">
<p class="has-small-font-size">Le <a rel="noreferrer noopener" href="https://sfa-cgt.fr" target="_blank">Syndicat Français des Artistes-interprètes</a> est le syndicat professionnel des artistes dramatiques, chorégraphiques, lyriques, de variété, de cirque, des marionnettistes et des artistes traditionnels.</p>
</div></div>
</div>



<h2 class="wp-block-heading">Se syndiquer :</h2>



<p>L&rsquo;adhésion au SFA se fait sur <a href="https://sfa-cgt.fr/adherer-13" data-type="URL" data-id="https://sfa-cgt.fr/adherer-13">cette page</a>.</p>

<p>Le Syndicat Français des Artistes-interprètes est le syndicat professionnel des artistes dramatiques, chorégraphiques, lyriques, de variété, de cirque, des marionnettistes et des artistes traditionnels. Se [&#8230;]</p>
