{"id":2,"date":"2022-05-27T11:05:26","date_gmt":"2022-05-27T09:05:26","guid":{"rendered":"http:\/\/cgtspectaclebretagne.fr\/?page_id=2"},"modified":"2026-02-23T08:43:10","modified_gmt":"2026-02-23T07:43:10","slug":"page-d-exemple","status":"publish","type":"page","link":"https:\/\/cgtspectaclebretagne.fr\/","title":{"rendered":"Accueil"},"content":{"rendered":"\n<p>Bienvenue sur le site de la CGT Spectacle Bretagne.<\/p>\n\n\n\n<p>Ce site regroupe les syndicats locaux ou les sections locales des syndicats adh\u00e9rents \u00e0 la<a href=\"http:\/\/fnsac-cgt.com\/\"> F\u00e9d\u00e9ration Nationale des Syndicats du spectacle, du cin\u00e9ma, de l&rsquo;audiovisuel et de l&rsquo;action culturelle (FNSAC-CGT)<\/a>, appel\u00e9e commun\u00e9ment \u00ab\u00a0La CGT Spectacle\u00a0\u00bb.<\/p>\n","protected":false},"excerpt":{"rendered":"<p>Bienvenue sur le site de la CGT Spectacle Bretagne. Ce site regroupe les syndicats locaux ou les sections locales des syndicats adh\u00e9rents \u00e0 la F\u00e9d\u00e9ration [&#8230;]<\/p>\n","protected":false},"author":1,"featured_media":0,"parent":0,"menu_order":0,"comment_status":"closed","ping_status":"open","template":"","meta":{"footnotes":""},"class_list":["post-2","page","type-page","status-publish","hentry"],"_links":{"self":[{"href":"https:\/\/cgtspectaclebretagne.fr\/index.php?rest_route=\/wp\/v2\/pages\/2","targetHints":{"allow":["GET"]}}],"collection":[{"href":"https:\/\/cgtspectaclebretagne.fr\/index.php?rest_route=\/wp\/v2\/pages"}],"about":[{"href":"https:\/\/cgtspectaclebretagne.fr\/index.php?rest_route=\/wp\/v2\/types\/page"}],"author":[{"embeddable":true,"href":"https:\/\/cgtspectaclebretagne.fr\/index.php?rest_route=\/wp\/v2\/users\/1"}],"replies":[{"embeddable":true,"href":"https:\/\/cgtspectaclebretagne.fr\/index.php?rest_route=%2Fwp%2Fv2%2Fcomments&post=2"}],"version-history":[{"count":2,"href":"https:\/\/cgtspectaclebretagne.fr\/index.php?rest_route=\/wp\/v2\/pages\/2\/revisions"}],"predecessor-version":[{"id":67,"href":"https:\/\/cgtspectaclebretagne.fr\/index.php?rest_route=\/wp\/v2\/pages\/2\/revisions\/67"}],"wp:attachment":[{"href":"https:\/\/cgtspectaclebretagne.fr\/index.php?rest_route=%2Fwp%2Fv2%2Fmedia&parent=2"}],"curies":[{"name":"wp","href":"https:\/\/api.w.org\/{rel}","templated":true}]}}