{"id":149,"date":"2024-07-11T12:09:40","date_gmt":"2024-07-11T10:09:40","guid":{"rendered":"http:\/\/cgtspectaclebretagne.fr\/?page_id=149"},"modified":"2024-07-11T15:56:07","modified_gmt":"2024-07-11T13:56:07","slug":"snap","status":"publish","type":"page","link":"https:\/\/cgtspectaclebretagne.fr\/?page_id=149","title":{"rendered":"SNAP"},"content":{"rendered":"\n<figure class=\"wp-block-image size-large is-resized\"><img decoding=\"async\" src=\"https:\/\/www.snapcgt.org\/media\/site\/4236315823-1607547859\/snapcgt-logo.svg\" alt=\"\" style=\"width:900px;height:auto\"\/><\/figure>\n\n\n\n<p>Fond\u00e9 en 1977, le Syndicat National des Artistes Plasticien\u00b7nes cgt, structure syndicale nationale repr\u00e9sentative, doit son existence \u00e0 la volont\u00e9 d\u2019artistes de s\u2019organiser eux-m\u00eames, sur l\u2019ensemble du territoire. Il est un p\u00f4le de r\u00e9flexions, de propositions et d\u2019actions voulant contribuer \u00e0 promouvoir des conditions d\u2019accomplissement des cr\u00e9ations plastiques les plus diverses.<\/p>\n\n\n\n<h3 class=\"wp-block-heading\">Contacts :<\/h3>\n\n\n\n<p>SNAP-CGT Bretagne : Union Locale CGT &#8211; 2 Place Edouard Maz\u00e9 29200 BREST<\/p>\n\n\n\n<p><a href=\"mailto:snapcgtbretagnepaysdelaloire@gmail.com\">snapcgtbretagnepaysdelaloire@gmail.com<\/a><\/p>\n\n\n\n<p><a href=\"https:\/\/www.facebook.com\/snapnantes.cgt\">Page FaceBook<\/a> | <a href=\"https:\/\/www.instagram.com\/snapcgt\/\">Instagram<\/a> | <a href=\"https:\/\/discord.com\/invite\/cG2Da7MtNx\">Discord<\/a><\/p>\n\n\n\n<h3 class=\"wp-block-heading\">Se syndiquer :<\/h3>\n\n\n\n<p>L&rsquo;adh\u00e9sion au SNAP se fait sur <a href=\"https:\/\/www.snapcgt.org\/adhesion\">cette page<\/a>.<\/p>\n","protected":false},"excerpt":{"rendered":"<p>Fond\u00e9 en 1977, le Syndicat National des Artistes Plasticien\u00b7nes cgt, structure syndicale nationale repr\u00e9sentative, doit son existence \u00e0 la volont\u00e9 d\u2019artistes de s\u2019organiser eux-m\u00eames, sur [&#8230;]<\/p>\n","protected":false},"author":1,"featured_media":0,"parent":22,"menu_order":0,"comment_status":"closed","ping_status":"closed","template":"","meta":{"footnotes":""},"class_list":["post-149","page","type-page","status-publish","hentry"],"_links":{"self":[{"href":"https:\/\/cgtspectaclebretagne.fr\/index.php?rest_route=\/wp\/v2\/pages\/149","targetHints":{"allow":["GET"]}}],"collection":[{"href":"https:\/\/cgtspectaclebretagne.fr\/index.php?rest_route=\/wp\/v2\/pages"}],"about":[{"href":"https:\/\/cgtspectaclebretagne.fr\/index.php?rest_route=\/wp\/v2\/types\/page"}],"author":[{"embeddable":true,"href":"https:\/\/cgtspectaclebretagne.fr\/index.php?rest_route=\/wp\/v2\/users\/1"}],"replies":[{"embeddable":true,"href":"https:\/\/cgtspectaclebretagne.fr\/index.php?rest_route=%2Fwp%2Fv2%2Fcomments&post=149"}],"version-history":[{"count":6,"href":"https:\/\/cgtspectaclebretagne.fr\/index.php?rest_route=\/wp\/v2\/pages\/149\/revisions"}],"predecessor-version":[{"id":157,"href":"https:\/\/cgtspectaclebretagne.fr\/index.php?rest_route=\/wp\/v2\/pages\/149\/revisions\/157"}],"up":[{"embeddable":true,"href":"https:\/\/cgtspectaclebretagne.fr\/index.php?rest_route=\/wp\/v2\/pages\/22"}],"wp:attachment":[{"href":"https:\/\/cgtspectaclebretagne.fr\/index.php?rest_route=%2Fwp%2Fv2%2Fmedia&parent=149"}],"curies":[{"name":"wp","href":"https:\/\/api.w.org\/{rel}","templated":true}]}}

<figure class="wp-block-image size-large is-resized"><img decoding="async" src="https://www.snapcgt.org/media/site/4236315823-1607547859/snapcgt-logo.svg" alt="" style="width:900px;height:auto"/></figure>



<p>Fondé en 1977, le Syndicat National des Artistes Plasticien·nes cgt, structure syndicale nationale représentative, doit son existence à la volonté d’artistes de s’organiser eux-mêmes, sur l’ensemble du territoire. Il est un pôle de réflexions, de propositions et d’actions voulant contribuer à promouvoir des conditions d’accomplissement des créations plastiques les plus diverses.</p>



<h3 class="wp-block-heading">Contacts :</h3>



<p>SNAP-CGT Bretagne : Union Locale CGT &#8211; 2 Place Edouard Mazé 29200 BREST</p>



<p><a href="mailto:snapcgtbretagnepaysdelaloire@gmail.com">snapcgtbretagnepaysdelaloire@gmail.com</a></p>



<p><a href="https://www.facebook.com/snapnantes.cgt">Page FaceBook</a> | <a href="https://www.instagram.com/snapcgt/">Instagram</a> | <a href="https://discord.com/invite/cG2Da7MtNx">Discord</a></p>



<h3 class="wp-block-heading">Se syndiquer :</h3>



<p>L&rsquo;adhésion au SNAP se fait sur <a href="https://www.snapcgt.org/adhesion">cette page</a>.</p>

<p>Fondé en 1977, le Syndicat National des Artistes Plasticien·nes cgt, structure syndicale nationale représentative, doit son existence à la volonté d’artistes de s’organiser eux-mêmes, sur [&#8230;]</p>
